pose 5*c - 101 = -f, f - 2 = -f. Let i(j) = -14 - 6*j + 2*j + 43 + 2*j. What is the remainder when i(-5) is divided by c?
19
Let b = 3920 - 3570. Calculate the remainder when b is divided by 322.
28
Let l(m) = -m**3 + 34*m**2 + m + 258. Calculate the remainder when l(0) is divided by 30.
18
Let b(g) = -297*g - 888. What is the remainder when 1207 is divided by b(-3)?
1
Suppose -107*m - 48 = -4*z - 110*m, -2*z + 2 = -4*m. What is the remainder when 887 is divided by z?
5
Suppose -12 = -4*c, c = 2*o + 5*c + 432. Let m = 91 + o. Let q = -119 - m. Calculate the remainder when 45 is divided by q.
9
Suppose 0 = 4*i - p - 4960, -2480 = -2*i + 11*p - 16*p. Calculate the remainder when i is divided by 217.
155
Let z be (-24)/10*50/(-15). Suppose -349 = -z*m + 187. Calculate the remainder when 111 is divided by m.
44
Let a(b) = -b**2 - 6*b + 93. Let t be a(-8). Suppose z - m + t = 5*z, 0 = -2*m + 10. What is the remainder when 33 is divided by z?
15
Suppose 0*h = -4*h + 20. Suppose 11*o = 2392 - 16. Suppose 0 = -h*d + 119 + o. What is the remainder when d is divided by 7?
4
Let y(l) = -2*l**2 - 43*l + 26. Let q be y(-22). Suppose -3*k = -q*n - 94 - 25, -8 = -2*n. What is the remainder when 357 is divided by k?
42
Let c = -4129 - -4311. Calculate the remainder when 559 is divided by c.
13
Suppose -3*m + 57 + 41 = -u, 0 = -3*m - 3*u + 90. Calculate the remainder when 2237 is divided by m.
29
Suppose -4*c = -5*n + 63, -2*n + 2*c - 28 + 54 = 0. Let f(s) = -s**2 + 18*s - 55. Calculate the remainder when 368 is divided by f(n).
16
Let d(r) = 16*r**2 + 240*r - 134. Calculate the remainder when d(-17) is divided by 50.
10
Suppose 0 = -14*b + 125 - 36 + 373. What is the remainder when 42 is divided by b?
9
Suppose -49*l + h - 27 = -54*l, -5*h = -5*l + 15. Let c be (2/4)/(3/582). Suppose -l*f = -c - 53. Calculate the remainder when f is divided by 12.
6
Let q(h) = h**2 + 329*h + 1666. Suppose 3*b + 0*b = 30. Calculate the remainder when q(-5) is divided by b.
6
Suppose -19*c + 541 = 142. Calculate the remainder when 14152 is divided by c.
19
Suppose -147*i + 27 = -144*i, 0 = -10*x - 3*i + 507. What is the remainder when -2 - (-3)/(6/200) is divided by x?
2
Let o(h) = 45*h + 1843. Calculate the remainder when o(12) is divided by 1189.
5
Suppose 1152 = 9*r + r - 518. What is the remainder when r is divided by 16?
7
Let x(c) be the first derivative of 2*c**3/3 - 3*c**2/2 - 3*c + 21. Let r be x(5). Suppose 3*n - 218 = -r. What is the remainder when n is divided by 17?
11
Let m = -2207 - -2244. What is the remainder when 114 is divided by m?
3
Let t = -708 + -33. Let d = 770 + t. What is the remainder when 80 is divided by d?
22
Let x = -997 + 350. Let k = x - -654. Calculate the remainder when 29 is divided by k.
1
Let w(s) = s**3 - 18*s**2 + 23*s - 39. Let g(p) = 11*p + 204. Let x be g(-17). Suppose 0 = -2*l + 41 + 3. Calculate the remainder when w(x) is divided by l.
19
Suppose -364*b + 18081 = -301*b. What is the remainder when 579 is divided by b?
5
Let b(v) = 2*v**3 - 35*v**2 + 17*v + 57. What is the remainder when b(17) is divided by 16?
9
Let f be (1/(-3))/((-19)/171). What is the remainder when 351 is divided by ((-8)/f)/((-3)/36)?
31
Suppose 2052*l - 2163*l = -6105. Let c(x) = -x**2 - 7*x - 6. Calculate the remainder when l is divided by c(-5).
3
Let f = 11195 - 10774. Calculate the remainder when f is divided by 140.
1
Let v(p) = -5*p**2 - 5*p. Let y be v(1). Let o = y + 58. Calculate the remainder when o is divided by 5.
3
Let m = 9 - 3. Let x(l) = 2*l + 6. Let j be x(m). Suppose -w - 7 - j = -2*o, w = 3*o - 38. Calculate the remainder when 25 is divided by o.
12
Suppose -87*a + 2*a = -5603 - 6212. What is the remainder when 4027 is divided by a?
135
Suppose 0 = -5*i + 253 + 217. Let y(h) = -284*h - 7360. Calculate the remainder when i is divided by y(-26).
22
Suppose 9216 = -17*c + 8*c. Let y = -902 - c. What is the remainder when y is divided by 26?
18
Suppose 285 + 669 = 6*r. Calculate the remainder when r is divided by 76.
7
Let v be ((-10)/(-6) + 221/78)*2. Suppose 0 = -v*d + 79 + 236. What is the remainder when 81 is divided by d?
11
Let q = 38 + -35. Suppose 302 = -q*t + 4*d, -4*t - 484 = 4*d - 72. What is the remainder when 99 is divided by 8/(-6)*t/4?
31
Let o(k) = 1 + k**3 - 5 + 11*k**2 - 11*k - 2*k**2 + 0. Let q(h) = 17*h + 126. What is the remainder when q(-7) is divided by o(-10)?
1
Suppose -208 = -46*a + 68. Calculate the remainder when 4517 is divided by a.
5
Let q(d) = -d**2 + 15*d + 822. Calculate the remainder when 113 is divided by q(-21).
47
Let y = 58 - 15. Let n(j) = 8577*j + 51632. Calculate the remainder when n(-6) is divided by y.
41
What is the remainder when ((-169750)/(-1400))/((-42)/(-40) - 1) is divided by 13?
7
Let g be 14/3*8*6/14. Suppose -28 = -q + g. Calculate the remainder when 119 is divided by q.
31
Let a = 37 - 33. Suppose -5*o - u + 98 = 0, -4*u = -4*o - a + 68. Calculate the remainder when 2 - (10/75 - (-3188)/(-60)) is divided by o.
17
Let t(q) = -491*q + 10812. What is the remainder when t(19) is divided by 27?
25
Let h(u) = -u**3 - 5*u**2 - 6*u + 3. Suppose -64 = -11*m + 27*m. Let w = -85 + 139. What is the remainder when w is divided by h(m)?
10
Let c = 25 - 28. Let h be 4/8*c*2/3. What is the remainder when 22 is divided by 16/(-3*(10/(-6) - h))?
6
Let i = -1231 + 2506. Suppose i*g = 1278*g - 111. Calculate the remainder when 162 is divided by g.
14
Suppose 3*k + 8*k - 558 = -8. What is the remainder when 323 is divided by k?
23
Suppose 0 = -5*h - 337 + 1122. Suppose 3*z - 19 = 4*m - h, 146 = 4*m + z. Calculate the remainder when 143 is divided by m.
35
Let t = 20886 + -11942. Calculate the remainder when t is divided by 63.
61
Let q = 27 - 66. Let y = q - -39. Suppose 5*s - 80 - 360 = y. Calculate the remainder when s is divided by 13.
10
Let a(o) = 200*o - 1552. What is the remainder when a(8) is divided by ((-30)/20)/(3/(-62))?
17
What is the remainder when 725 + ((-1)/(-2))/(104/416) is divided by 62?
45
Suppose 0 = -s - 23 + 51. Let h(n) = 6*n - 7. What is the remainder when h(s) is divided by 54?
53
Suppose h - 4*w + 18 - 737 = 0, -3 = w. Calculate the remainder when h is divided by 65.
57
Let f be (-19 + -1)*(-18)/(-8). Let t = f - -110. Suppose r + 0 = 17. Calculate the remainder when t is divided by r.
14
Let w(l) = -206*l + 5549. What is the remainder when w(22) is divided by 252?
9
Let i = -9121 - -9139. Suppose 54 = -0*y + 2*y. What is the remainder when y is divided by i?
9
Suppose 17*f = 1808 - 533. What is the remainder when 300 is divided by f?
0
Let i(f) = -6*f - 1. Let l(h) = -h**3 - 7*h**2 - 6*h - 10. Let r be l(-6). Let s(z) = -2*z**2 + 40*z - 26. What is the remainder when i(r) is divided by s(19)?
11
Let g = -3615 + 3682. Calculate the remainder when 2541 is divided by g.
62
Let z = -245 + 343. Calculate the remainder when z is divided by (-17 - -18) + 0 + 21 + 3.
23
Calculate the remainder when 807 is divided by ((-3774)/148)/((-9)/24).
59
Suppose 0 = -93*g - 30687 + 155409 + 239373. What is the remainder when g is divided by 22?
21
Suppose 0 = -4*t + 3*k - 605, t = -t - 5*k - 335. Let p = t - -220. Suppose -5*o + 3*q = -p, 4*o = -o - q + 45. Calculate the remainder when 49 is divided by o.
9
Let d = -1912 + 3734. Calculate the remainder when d is divided by 76.
74
Let u(f) = 4*f**2 + f - 7. Suppose k + 214 + 26 = 5*l, -l + 67 = -4*k. Suppose -59*r + 132 = -l*r. Calculate the remainder when u(5) is divided by r.
10
Suppose 0 = -4*a + 33 + 135. Calculate the remainder when ((-63)/(-189))/((-1)/(-246)) is divided by a.
40
Let b(s) = 11*s**2 + 23*s + 80. Let h be b(-3). Suppose -28 = -111*f + h*f. What is the remainder when 191 is divided by f?
23
Let t = -613 + 624. What is the remainder when 70 is divided by t?
4
Suppose -2*l - 2*x = 3*x + 82, -94 = 2*l - x. Let a = l - -66. Suppose 119 = d + a. Calculate the remainder when d is divided by 34.
31
Let p(u) = 5*u**2 - 39*u + 238. Suppose 0 = 3*m - 2*o - 31, -5*o = 3*m - 0*m - 17. What is the remainder when p(m) is divided by 37?
33
Suppose -o - 5*m = -0*o + 10, m = 4*o + 103. What is the remainder when (-55 - o)*20/(-6) is divided by 52?
48
Suppose -5*q = 2*j - 121 - 85, 4*q = 3*j - 401. Calculate the remainder when j is divided by (4 -